t is the greatest common divisor of 10 and w?
5
Let b = -73 - -128. Let n = -33 + b. Suppose n = 2*z + 5*w, -3*w = -2*z + 2*w + 22. Calculate the highest common divisor of 55 and z.
11
Let z(h) = 2*h**2 - 9*h + 9. Let a be z(6). Let b be -4*((-4)/(-32)*-14 + 0). Suppose 2*m - a = b. Calculate the greatest common divisor of m and 34.
17
Let k be ((-28)/5)/((-24)/(-180)). Let u = k - -61. What is the greatest common factor of u and 152?
19
Let p = -4 - -3. Let g(h) = -4*h + 2. Let i be g(p). Let x be 14*(-3 + 33/i). What is the greatest common factor of 5 and x?
5
Let i = -17 - -24. Suppose -i*f + 8 = -3*f. Let p be 1 + (12 - f/(-2)). What is the greatest common factor of 2 and p?
2
Let m = 271 - 203. What is the highest common divisor of m and 170?
34
Let x be 4*(-2)/(-2) - -11. Suppose o + 5*z = 57, 2*z - 58 = -2*o + 6*z. Let b = o - 22. What is the greatest common factor of x and b?
15
Suppose -1397*s = -1386*s - 154. What is the highest common factor of 1316 and s?
14
Suppose -4*i + 1507 = -d, d = i - 245 - 128. What is the highest common factor of i and 6?
6
Suppose 4*r = r + 6. Suppose 51*b - 26 = 38*b. What is the highest common factor of b and r?
2
Let w be (-2508)/(-28) + 3/7. Let c = -107 + 251. Suppose c = -10*v + 14*v. Calculate the highest common factor of w and v.
18
Let s be (-2 + 114)*14/49. What is the greatest common factor of 136 and s?
8
Let p(j) = j - 1. Let n(l) = 4*l - 11. Let v(z) = -n(z) + 3*p(z). Let g be v(-8). What is the highest common divisor of g and 2?
2
Suppose -2*q = l + 4*l - 141, 5*q = -2*l + 384. Let p(b) = -b**3 - 18*b**2 - 28*b + 103. Let c be p(-16). Calculate the greatest common divisor of c and q.
39
Suppose 54 + 6 = 6*r. Suppose r - 4 = 2*w. Suppose 0*p + 12 = p. Calculate the greatest common factor of w and p.
3
Suppose 0 = 2*c - 6*c - w + 123, 155 = 5*c + w. What is the greatest common divisor of c and 8?
8
Let x = -13 - -18. Let g(u) = -u**3 + 3*u**2 + 8*u + 11. Let i be g(5). What is the greatest common divisor of x and i?
1
Suppose -3*t + 114 = 3*j, 19*t + 94 = 22*t - j. Calculate the greatest common factor of t and 143.
11
Suppose y = 3*j - j - 11, -j + 5 = 0. Let q be (y - -40) + -3 + -1. Suppose -700 - q = -7*b. What is the highest common factor of 15 and b?
15
Let k = -43 - -48. Let x(y) = y**2 - 4*y. Let d be x(k). What is the highest common factor of d and 45?
5
Let q be (-12)/2*2/(-6). Suppose q*d = 2*r + 38, d + 6*r = 2*r + 4. Suppose -4*x = -h - 84, x = h + d + 8. What is the highest common divisor of x and 60?
20
Let r(p) = -3*p + 7. Let s be r(-3). Suppose 9*n - 2112 = -3*n. What is the highest common divisor of n and s?
16
Suppose -80 - 22 = -b + 3*s, -2*b - 2*s = -236. Suppose 0 = -o + m + 72, 5*o - 388 = -3*m + m. What is the greatest common factor of o and b?
38
Let i(h) be the first derivative of h**2 + 10*h + 7. Let u be i(7). Suppose 129 = 3*y + u. Calculate the greatest common divisor of y and 7.
7
Let l(u) = u + 20. Let i(m) = m + 1. Let q(o) = 5*i(o) - l(o). Let a be q(6). Suppose 0 = 6*p - 2*p - 180. Calculate the greatest common divisor of p and a.
9
Let b(s) = -40*s**3 + 11*s**2 + 17*s + 5. Let q be b(-1). Let n be 206/8 - (-1)/4. Calculate the highest common divisor of q and n.
13
Let n(m) = -16*m - 33. Let p be n(-6). What is the highest common factor of 14 and p?
7
Suppose -4*z + 8*z + 64 = 0. Let g = z + 26. Let v = 16 - g. What is the greatest common divisor of 6 and v?
6
Let n be (7 + -3 - 2) + -104. Let h be (-10)/6 - 3230/n. Calculate the greatest common divisor of 135 and h.
15
Let c be (-5)/4 + -8 + (-12925)/(-20). Calculate the greatest common factor of c and 49.
49
Let v(h) = 2*h**2 - 2*h + 1. Let x = 31 + -30. Let w be v(x). Let d(u) = 4*u**2. Let r be d(w). What is the greatest common factor of 2 and r?
2
Suppose 0 = 3*x - 846 + 672. Calculate the highest common divisor of 1276 and x.
58
Suppose -2*f - 66 = -2*y, 29 = y - 2*f - f. Suppose -6*o + 3 = -5*o. Suppose -4*z + o*z + 7 = 0. What is the greatest common divisor of z and y?
7
Let t(h) = 4*h - 30. Let o be t(16). What is the highest common factor of 51 and o?
17
Let d(c) = c**2 + 6*c - 4. Let u be d(-7). Suppose u*i - 225 = 5*k, -5*i + 338 = 5*k - k. What is the greatest common divisor of 28 and i?
14
Suppose -5*n - 3*j - 8 = -54, 2*j - 27 = -3*n. What is the highest common factor of n and 242?
11
Suppose -3*x = -5*h + 2760, 2*x + 2760 = -63*h + 68*h. What is the greatest common divisor of 168 and h?
24
Suppose 1152 = 2*m + 4*m. Calculate the highest common divisor of 36 and m.
12
Let f(t) = -t**2 - 29*t - 32. Let k be f(-16). Suppose i - k = -i. What is the highest common divisor of 11 and i?
11
Let u(b) = -b**3 + 8*b**2 - 3*b + 4. Suppose 18*j = 12*j + 42. Let t be u(j). Calculate the highest common divisor of t and 144.
16
Let t be (-994)/(-28) - (-1)/(-2). Suppose -7 = 4*l - t. Calculate the greatest common divisor of l and 77.
7
Suppose 8*a = 5*a + 2*w + 16, -4*a = 2*w - 40. What is the greatest common divisor of 200 and a?
8
Suppose 223 = -124*j + 3075. What is the highest common factor of j and 1403?
23
Let s be ((-4)/3)/(6/9). Let j be ((-27)/(s + 5))/(-1). Let p(d) = d**2 + d - 17. Let v be p(-5). Calculate the greatest common factor of j and v.
3
Let j = -3 - -7. Suppose w + w = j. Suppose -5*z = -2*q + 3*q - 102, 0 = w*q - 4. What is the greatest common factor of 5 and z?
5
Let n(b) = -b - 16. Let x(s) = -s - 1. Let w(d) = n(d) + 2*x(d). Let q be w(-9). Calculate the greatest common divisor of 18 and q.
9
Suppose 3*z - 21 = -6. Suppose 5*f = -3*b + 30, -5*b - 33 = -z*f + 37. What is the greatest common factor of 81 and f?
9
Let l be (-15)/(-20) + 282/8. Let n be (15/(-2))/((-3)/l). Suppose 0 = -4*f + 40. Calculate the highest common divisor of n and f.
10
Suppose 5*y - 12 + 197 = 0. Let w = 75 + y. What is the greatest common divisor of w and 304?
38
Let d(o) = 7*o**2 - 13*o - 276. Let i be d(-20). What is the greatest common divisor of i and 96?
96
Suppose 2*n + 4*g = 38, -3*n + 15*g = 14*g - 43. Suppose -5*t + 130 = 4*w, 5*w + 27 = t - 28. What is the greatest common factor of n and t?
15
Let h be ((-174)/4)/((-19)/38). Let o = -83 + h. Let s be (-4)/(2*1/(-3)). Calculate the highest common divisor of o and s.
2
Suppose 4*q = 208 - 8. Calculate the greatest common factor of q and 75.
25
Suppose -3*b + 3 = -2*b. Suppose -z - 2*z + b*g = -771, -1276 = -5*z + 2*g. Let j = 359 - z. Calculate the greatest common divisor of j and 15.
15
Let m(x) = -x**3 + 11*x**2 - 8*x - 14. Let z be m(10). Let p = 100 - 58. Calculate the highest common divisor of p and z.
6
Let j(m) = -3*m**2 + 12*m - 7. Let v be j(5). Let i = 19 + v. Let k be 0 - (-4 - 11) - i. What is the highest common factor of k and 9?
9
Suppose 0 = 4*s, -3*s = -j - 7*s + 9. What is the greatest common divisor of j and 1116?
9
Let w = -452 + 524. Let k be 2 - (-2 - (-1 + 5)). Calculate the highest common factor of k and w.
8
Suppose -c - 2*s = 0, -7 = -c - c + 3*s. Let l be -1 - (-2 - 0)*4. What is the highest common factor of c and l?
1
Suppose 4*y - 5*i = 1044, -6*i + 2*i - 1305 = -5*y. Calculate the greatest common divisor of y and 54.
9
Let l = -2600 - -3653. Calculate the greatest common divisor of 39 and l.
39
Let o = 9 - 5. Let b be o/(-14) + (-18)/(-14). Let w = -139 + 148. What is the greatest common divisor of b and w?
1
Suppose -3*a - j + 230 = 0, -2*a + 2*j + 68 + 72 = 0. Suppose 0 = -4*b - 5*l + 135, l + 2*l = 5*b - 141. What is the highest common factor of a and b?
15
Let i = 6 + -6. Let r(m) = 3*m**2 + 4*m + 15. Let y be r(-11). Suppose i = 5*j - 2*g + g - 851, 2*j - y = 2*g. What is the greatest common factor of j and 19?
19
Let q(h) = h**2 + 4*h - 32. Let z be q(7). Calculate the greatest common factor of 720 and z.
45
Suppose 4914 = -186*t + 200*t. What is the greatest common divisor of 13 and t?
13
Suppose h - 5*q = 39, 1 = -5*q + 6. Let z = -285 + 289. What is the greatest common divisor of z and h?
4
Let n be -60*(75/(-10) + -3). Suppose -22*o - n = -25*o. What is the highest common divisor of o and 30?
30
Let k = -1588 + 1591. What is the highest common factor of 4 and k?
1
Let h(f) = 27*f**2. Let c be h(2). Let o = 98 + -163. Let p = o - -77. Calculate the highest common factor of c and p.
12
Let w be (-34)/(-68)*84